{"id":3393,"date":"2025-03-01T11:30:26","date_gmt":"2025-03-01T10:30:26","guid":{"rendered":"https:\/\/lac-souterrain.com\/evenement\/cakeophonie\/"},"modified":"2025-03-01T11:32:41","modified_gmt":"2025-03-01T10:32:41","slug":"cakeophonie","status":"publish","type":"evenement","link":"https:\/\/lac-souterrain.com\/de\/evenement\/cakeophonie\/","title":{"rendered":"Cake O&#8217;Phonie &#8211; art choral &#8211; (CH)"},"content":{"rendered":"<div class=\"flex max-w-full flex-col flex-grow\">\n<div class=\"min-h-8 text-message relative flex w-full flex-col items-end gap-2 whitespace-normal break-words text-start [.text-message+&amp;]:mt-5\" dir=\"auto\" data-message-author-role=\"assistant\" data-message-id=\"81d9c4c1-357a-4da0-a7a0-b07ed0bcf39d\" data-message-model-slug=\"gpt-4o\">\n<div class=\"flex w-full flex-col gap-1 empty:hidden first:pt-[3px]\">\n<div class=\"markdown prose w-full break-words dark:prose-invert light\">\n<p data-start=\"64\" data-end=\"326\">Lorsque les voix de Cake O\u2019phonie s\u2019unissent, c\u2019est un tourbillon d\u2019\u00e9motions qui envahit l\u2019espace et le public. Compos\u00e9 de 15 chanteurs et chanteuses \u00e2g\u00e9s de 25 \u00e0 36 ans, cet ensemble vocal unique fait de chaque prestation un moment de partage et de connexion.<\/p>\n<p data-start=\"328\" data-end=\"798\">Leur force r\u00e9side dans la diversit\u00e9 des styles musicaux qu\u2019ils explorent. Leur r\u00e9pertoire met \u00e0 l\u2019honneur une majorit\u00e9 de pi\u00e8ces contemporaines et pop, habilement harmonis\u00e9es pour voix mixtes, avec une touche moderne et accessible \u00e0 toutes et \u00e0 tous. Mais ils ne s\u2019arr\u00eatent pas l\u00e0 : ils aiment \u00e9galement revisiter des \u0153uvres plus anciennes. Ce m\u00e9lange audacieux cr\u00e9e une exp\u00e9rience musicale captivante, o\u00f9 chaque morceau r\u00e9sonne diff\u00e9remment mais avec la m\u00eame passion.<\/p>\n<p data-start=\"800\" data-end=\"1044\">Dans l\u2019acoustique envo\u00fbtante du Lac Souterrain de St-L\u00e9onard, leurs harmonies prendront une dimension particuli\u00e8re, r\u00e9sonnant au c\u0153ur de la roche et de l\u2019eau. Ce cadre unique sublime chaque note et renforce l\u2019\u00e9motion de leurs interpr\u00e9tations.<\/p>\n<p data-start=\"1046\" data-end=\"1231\" data-is-last-node=\"\" data-is-only-node=\"\">Laissez-vous porter par l\u2019\u00e9nergie contagieuse de Cake O\u2019phonie et plongez dans une soir\u00e9e musicale hors du temps, o\u00f9 chaque chanson devient une invitation \u00e0 la d\u00e9couverte et au partage.<\/p>\n<\/div>\n<\/div>\n<\/div>\n<\/div>\n","protected":false},"featured_media":3389,"template":"","class_list":["post-3393","evenement","type-evenement","status-publish","has-post-thumbnail","hentry"],"acf":[],"_links":{"self":[{"href":"https:\/\/lac-souterrain.com\/de\/wp-json\/wp\/v2\/evenement\/3393","targetHints":{"allow":["GET"]}}],"collection":[{"href":"https:\/\/lac-souterrain.com\/de\/wp-json\/wp\/v2\/evenement"}],"about":[{"href":"https:\/\/lac-souterrain.com\/de\/wp-json\/wp\/v2\/types\/evenement"}],"wp:featuredmedia":[{"embeddable":true,"href":"https:\/\/lac-souterrain.com\/de\/wp-json\/wp\/v2\/media\/3389"}],"wp:attachment":[{"href":"https:\/\/lac-souterrain.com\/de\/wp-json\/wp\/v2\/media?parent=3393"}],"curies":[{"name":"wp","href":"https:\/\/api.w.org\/{rel}","templated":true}]}}

<div class="flex max-w-full flex-col flex-grow">
<div class="min-h-8 text-message relative flex w-full flex-col items-end gap-2 whitespace-normal break-words text-start [.text-message+&amp;]:mt-5" dir="auto" data-message-author-role="assistant" data-message-id="81d9c4c1-357a-4da0-a7a0-b07ed0bcf39d" data-message-model-slug="gpt-4o">
<div class="flex w-full flex-col gap-1 empty:hidden first:pt-[3px]">
<div class="markdown prose w-full break-words dark:prose-invert light">
<p data-start="64" data-end="326">Lorsque les voix de Cake O’phonie s’unissent, c’est un tourbillon d’émotions qui envahit l’espace et le public. Composé de 15 chanteurs et chanteuses âgés de 25 à 36 ans, cet ensemble vocal unique fait de chaque prestation un moment de partage et de connexion.</p>
<p data-start="328" data-end="798">Leur force réside dans la diversité des styles musicaux qu’ils explorent. Leur répertoire met à l’honneur une majorité de pièces contemporaines et pop, habilement harmonisées pour voix mixtes, avec une touche moderne et accessible à toutes et à tous. Mais ils ne s’arrêtent pas là : ils aiment également revisiter des œuvres plus anciennes. Ce mélange audacieux crée une expérience musicale captivante, où chaque morceau résonne différemment mais avec la même passion.</p>
<p data-start="800" data-end="1044">Dans l’acoustique envoûtante du Lac Souterrain de St-Léonard, leurs harmonies prendront une dimension particulière, résonnant au cœur de la roche et de l’eau. Ce cadre unique sublime chaque note et renforce l’émotion de leurs interprétations.</p>
<p data-start="1046" data-end="1231" data-is-last-node="" data-is-only-node="">Laissez-vous porter par l’énergie contagieuse de Cake O’phonie et plongez dans une soirée musicale hors du temps, où chaque chanson devient une invitation à la découverte et au partage.</p>
</div>
</div>
</div>
</div>
